{"id":66,"date":"2023-03-27T03:57:33","date_gmt":"2023-03-27T03:57:33","guid":{"rendered":"https:\/\/girizza.ch\/wpp2\/index.php\/la-girizza-das-einzigartige-pizzamobil\/"},"modified":"2024-08-24T12:02:54","modified_gmt":"2024-08-24T12:02:54","slug":"la-pizza-in-giro","status":"publish","type":"page","link":"https:\/\/girizza.ch\/wpp\/","title":{"rendered":"La Pizza in Giro"},"content":{"rendered":"<p><a href=\"#scroll-down\"><\/p>\n<p><\/a><\/p>\n<p>La Girizza<br \/>\nla pizza in giro<\/p>\n<p>La Pizza in Giro<br \/>\nF\u00fcr uns ist es ja mittlerweile Standard und nicht mehr wegzudenken, aber grunds\u00e4tzlich ist es einfach nur krass cool: Pizza nicht nur im Restaurant oder zuhause, sondern am See, auf der Wiese, in den H\u00fcgeln, auf dem Waldboden\u2026 Kurz: Irgendwo \u2013 in giro! Und so kann das dann auch bei dir aussehen.<\/p>\n<p><img decoding=\"async\" src=\"https:\/\/girizza.ch\/wpp\/wp-content\/uploads\/2023\/06\/LaGirizza_3.1960q.jpg\" \/><\/p>\n<p>Miete unseren mobilen Pizzaofen und werde zum Pizzab\u00e4cker! Mit unserem Ofen kannst du deine eigenen Pizzen kreieren und deine G\u00e4ste mit frisch gebackenen K\u00f6stlichkeiten verw\u00f6hnen. Egal ob Gartenparty, Familienfeier oder Firmenevent &#8211; unser Pizzaofen ist der perfekte Begleiter f\u00fcr jeden Anlass. Beeindrucke deine G\u00e4ste mit deinen Kochk\u00fcnsten und schaffe unvergessliche Erinnerungen. Hol dir jetzt unseren Pizzaofen und lass die Pizzaparty beginnen!<\/p>\n<p><img decoding=\"async\" src=\"https:\/\/girizza.ch\/wpp\/wp-content\/uploads\/2023\/06\/IMG20230610185930q.jpg\" \/><\/p>\n<p>La Girizza<br \/>\nDer Name &#8222;La Girizza&#8220; setzt sich zusammen aus den Begriffen &#8222;in giro&#8220; und Pizza, also &#8222;die Pizza unterwegs&#8220;.<\/p>\n<p>Das Fahrzeug<br \/>\nDas Fahrzeug, auf welchem der Pizzaofen montiert ist, ist ein Kyburz DXP und ist als \u00abKleinmotorrad Dreirad\u00bb eingel\u00f6st. Fu\u0308r das Fu\u0308hren dieser Fahrzeuge ist die Fu\u0308hrerscheinkategorie A1 (oder A) notwendig.<br \/>\nAuch besteht eine Helmpflicht. Einen Helm in der Gr\u00f6sse S, M oder L wird zur Verf\u00fcgung gestellt.<\/p>\n<p>Mit eingebauten K\u00fchlschrank im Anh\u00e4nger, montierbaren Arbeitsfl\u00e4chen sowie allem ben\u00f6tigtem Werkzeug wie Pizzaschaufel, Aschekratzer, Beil und was es sonst noch braucht kann man komplett autonom an fast jedem beliebigen Ort Pizza machen.<\/p>\n<p><a href=\"\"><\/p>\n<p><img decoding=\"async\" src=\"https:\/\/girizza.ch\/wpp\/wp-content\/uploads\/2023\/07\/LaGirizza_1_legende_exampel-scaled.jpg\" \/><\/p>\n<p>einfache, prozessoptimierte Bedienung<\/p>\n<p><\/a><\/p>\n<p>Miet mich<\/p>\n<p>Mietkonditionen<\/p>\n<p>1 Tag: CHF 150, ganzes Wochenende: CHF 250<br \/>\n\tplus Depot CHF 200<br \/>\n\tAbholung in Solothurn oder Ersigen (Wichtig: Ausweis A1 wird ben\u00f6tigt!)<br \/>\n\tWeitere Dienstleistungen (Bring-\/Abholservice, Pizzateig, &#8230;) auf Anfrage<\/p>\n<p>Einsatzbereich<br \/>\nLaGirizza hat eine Reichweite von ca. 20 km und kann \u00fcber Nacht an einer normalen 230V Steckdose wieder aufgeladen werden.<\/p>\n<p><a href=\"#\">Abholstandorte<\/a><\/p>\n<p>Mietanfrage<\/p>\n<p>Vorname: <\/p>\n<p>Nachname: <\/p>\n<p>eMail: <\/p>\n<p>Telefonnr: <\/p>\n<p>Datum: <\/p>\n<p>Abholstandort: noch nicht klarSolothurnErsigen<\/p>\n<p>Nachricht: <\/p>\n<p>&#916;<\/p>\n<p>La Pizza Perfetta<\/p>\n<p><a href=\"\"><\/p>\n<p><img decoding=\"async\" src=\"https:\/\/girizza.ch\/wpp\/wp-content\/uploads\/2023\/06\/IMG20230610133441q.jpg\" \/><\/p>\n<p>Pizzateig<br \/>\nf\u00fcr Teigkugeln<\/p>\n<p><\/a><br \/>\n\t\t\t\t\t\tPizzateig<br \/>\n1 kg Pizzamehl<br \/>\n4g Hefe<br \/>\n1 EL Salz<br \/>\n1 EL Oliven\u00f6l<br \/>\nca. 5.5 dl kaltes Wasser<\/p>\n<p>Hefe in wenig Wasser aufl\u00f6sen.<br \/>\nAlles zusammenmischen und kneten bis der Teig geschmeidig wird.<br \/>\n8 Kugeln \u00e0 ca. 200g in der hohlen Hand formen.<\/p>\n<p>Teigkugeln luftdicht verpackt im K\u00fchlschrank ca. 24h ruhen lassen. Dazu eignen sich beispielsweise Kunststoffbeh\u00e4lter oder es kann eine Schicht Klarsichtfolie \u00fcber die Kugeln gespannt werden.<\/p>\n<p>Wenns schnell gehen muss, Hefemenge ca. verdoppeln und zimmerwarmes Wasser nehmen, so reduziert sich die Ruhezeit auf etwa 4h.<\/p>\n<p>Die Pizzen k\u00f6nnen dann auf einer glatten, sehr gut bemehlten Unterlage direkt von Hand ausgebreitet werden.<\/p>\n<p><a href=\"\"><\/p>\n<p><img decoding=\"async\" src=\"https:\/\/girizza.ch\/wpp\/wp-content\/uploads\/2023\/06\/IMG20230610170501q-scaled.jpg\" \/><\/p>\n<p>Tomatensauce<br \/>\neinfache Variante<\/p>\n<p><\/a><br \/>\n\t\t\t\t\t\tTomatensauce<br \/>\n800g B\u00fcchsentomaten<\/p>\n<p>1 EL Salz<\/p>\n<p>1 EL Oliven\u00f6l<\/p>\n<p>Mit dem P\u00fcrierstab mixen, bis die Sauce homogen ist. Reicht f\u00fcr etwa 18 Pizzen. Die Tomatensauce wird mit einem Dosier- oder Sch\u00f6pfl\u00f6ffel von der Mitte aus kreisf\u00f6rmig auf dem Pizzaboden verteilt. Sparsam auftragen, sonst wird der Boden matschig, was das Aufladen deutlich erschwert.<\/p>\n<p><a href=\"\"><\/p>\n<p><img decoding=\"async\" src=\"https:\/\/girizza.ch\/wpp\/wp-content\/uploads\/2023\/06\/belegen_quadratisch.jpg\" \/><\/p>\n<p>Belag<br \/>\nQualit\u00e4t vor Quantit\u00e4t<\/p>\n<p><\/a><br \/>\n\t\t\t\t\t\tBelag<br \/>\nQualitativ hochwertiger Belag ist das A und O einer leckeren Pizza. Die Kombinationsm\u00f6glichkeiten sind endlos, und jeder kann seine ganz pers\u00f6nliche Lieblingspizza zusammenstellen. Denn hier gilt: Lass deiner Fantasie freien Lauf und kreiere deine ultimative Pizza, die genau deinem Geschmack entspricht! <\/p>\n<p>Wichtig ist, Qualit\u00e4t vor Quantit\u00e4t, denn eine perfekt belegte Pizza zeichnet sich durch die richtige Balance aus. Eine d\u00fcnn aufgetragene Tomatensauce, die den Rand der knusprigen Pizza nicht \u00fcberschreitet, bildet den perfekten Grundstein f\u00fcr deine geschmackvolle Kreation. Den Mozzarella zart von Hand zerzupfen und gleichm\u00e4\u00dfig \u00fcber die Pizza streuen, so wird&#8217;s richtig cremig. Ob der Belag oder der Mozzarella zuerst auf die Pizza kommt, liegt ganz bei dir und deinen Vorlieben. <\/p>\n<p>LaGirra<br \/>\nla birra in giro<\/p>\n<p><img decoding=\"async\" src=\"https:\/\/girizza.ch\/wpp\/wp-content\/uploads\/2024\/08\/Konzeptideen_Logo_work_M1.png\" \/><\/p>\n<p>Das Schwestermobil von La Girizza \u2013 Mobiler Biergenuss auf R\u00e4dern<br \/>\nNach dem grossen Erfolg von La Girizza, dem mobilen Pizzamobil, pr\u00e4sentieren wir voller Stolz unser neues Highlight: La Girra \u2013 La birra in giro f\u00fcr den ultimativen Biergenuss! Ausgestattet mit zwei Zapfh\u00e4hnen, autonom gek\u00fchlten KEG-F\u00e4ssern und einer praktischen Gl\u00e4serdusche bringt La Girra perfekt gezapftes Bier direkt zu deinem Event. Egal, ob Gartenparty, Firmenfeier oder Festival \u2013 La Girra sorgt f\u00fcr k\u00fchle Erfrischung und macht dein Event zu einem unvergesslichen Erlebnis.<\/p>\n<p><img decoding=\"async\" src=\"https:\/\/girizza.ch\/wpp\/wp-content\/uploads\/2024\/08\/20240821_192709-scaled.jpg\" \/><br \/>\n\t\t\t\t\t\t\t\t\t\t\t\t\t\t\t\t<img decoding=\"async\" src=\"https:\/\/girizza.ch\/wpp\/wp-content\/uploads\/2024\/08\/20240821_192805-scaled.jpg\" \/><br \/>\n\t\t\t\t\t\t\t\t\t\t\t\t\t\t\t\t<img decoding=\"async\" src=\"https:\/\/girizza.ch\/wpp\/wp-content\/uploads\/2024\/08\/20240821_192638-scaled.jpg\" \/><br \/>\n\t\t\t\t\t\t\t\t\t\t\t\t\t\t\t\t<img decoding=\"async\" src=\"https:\/\/girizza.ch\/wpp\/wp-content\/uploads\/2024\/08\/20240821_192821-scaled.jpg\" \/><\/p>\n<p>\u00dcber uns<\/p>\n<p>Die Idee eines fahrbaren Ofens geisterte ja schon lange in unseren K\u00f6pfen rum. Als Michel sich noch str\u00e4ubte gegen den Aufwand, den dieses Projekt generieren w\u00fcrde, hatte die Sache in Manuels Kopf schon l\u00e4ngst Form angenommen. Sp\u00e4testens nach dem Firmenevent mit gemietetem Pizzaofen war aber eigentlich beiden klar: Ein eigener fahrbarer Ofen muss her! Da Kyburtz eng mit unserer damaligen gemeinsamen Firma zusammenarbeitet und erst noch in regelm\u00e4ssigen Abst\u00e4nden betagte Postfahrzeuge ausrangiert, stand rasch der Entscheid fest: Anmelden zum Wettbewerb und ein geeignetes Fahrzeug gewinnen. Das gelang denn auch. Fotos dazu gibt es hier.<\/p>\n<p>Nebst der Pizzabesessenheit und insgesamt einer passionierten Einstellung zu Kulinarik ist Manuel (links) als kinderloser Mann im besten Alter non stop zu begeistern f\u00fcr neue Projekte, vom Bierbrauen \u00fcber umgebaute Feuerwehrautos, w\u00e4hrend Michel (rechts) versucht, seine Passion f\u00fcr Pizza und das Umbauen von Fahrzeugen mit Frau, Kindern und Hund in Einklang zu bringen.<\/p>\n<p>So unterschiedlich wir auch sein m\u00f6gen: Pizza vereint Menschen.<\/p>\n<p><a href=\"\"><\/p>\n<p><img decoding=\"async\" src=\"https:\/\/girizza.ch\/wpp\/wp-content\/uploads\/2023\/04\/Teamfoto.png\" \/><\/p>\n<p><\/a><\/p>\n","protected":false},"excerpt":{"rendered":"<p class=\"excerpt\">La Girizza la pizza in giro La Pizza in Giro F\u00fcr uns ist es ja mittlerweile Standard und nicht mehr wegzudenken, aber grunds\u00e4tzlich ist es einfach nur krass cool: Pizza nicht nur im Restaurant oder zuhause, sondern am See, auf der Wiese, in den H\u00fcgeln, auf dem Waldboden\u2026 Kurz: Irgendwo \u2013 in giro! Und so [&hellip;]<\/p>\n","protected":false},"author":1,"featured_media":0,"parent":0,"menu_order":0,"comment_status":"closed","ping_status":"closed","template":"builder.php","meta":{"footnotes":""},"class_list":["post-66","page","type-page","status-publish","hentry"],"_links":{"self":[{"href":"https:\/\/girizza.ch\/wpp\/index.php\/wp-json\/wp\/v2\/pages\/66","targetHints":{"allow":["GET"]}}],"collection":[{"href":"https:\/\/girizza.ch\/wpp\/index.php\/wp-json\/wp\/v2\/pages"}],"about":[{"href":"https:\/\/girizza.ch\/wpp\/index.php\/wp-json\/wp\/v2\/types\/page"}],"author":[{"embeddable":true,"href":"https:\/\/girizza.ch\/wpp\/index.php\/wp-json\/wp\/v2\/users\/1"}],"replies":[{"embeddable":true,"href":"https:\/\/girizza.ch\/wpp\/index.php\/wp-json\/wp\/v2\/comments?post=66"}],"version-history":[{"count":93,"href":"https:\/\/girizza.ch\/wpp\/index.php\/wp-json\/wp\/v2\/pages\/66\/revisions"}],"predecessor-version":[{"id":322,"href":"https:\/\/girizza.ch\/wpp\/index.php\/wp-json\/wp\/v2\/pages\/66\/revisions\/322"}],"wp:attachment":[{"href":"https:\/\/girizza.ch\/wpp\/index.php\/wp-json\/wp\/v2\/media?parent=66"}],"curies":[{"name":"wp","href":"https:\/\/api.w.org\/{rel}","templated":true}]}}